 20. Let l be z(27). Suppose -35 = l*o - 15. Give f(o).
11
Let g(y) be the first derivative of -1/3*y**3 + 1 - 7/2*y**2 - 6*y. Determine g(-7).
-6
Let c(u) = u + 12. Let q be c(-6). Suppose k - 3*k = q. Let a(j) be the first derivative of -3*j**2/2 - 3*j - 403. Determine a(k).
6
Let g(o) be the third derivative of -o**6/120 - 19*o**5/60 + 11*o**4/12 + 8*o**3 + 728*o**2 + 3*o. Give g(-20).
8
Let u = 1793 - 486. Let l(i) = u + i**2 - 2618 + 2*i + 1308 - 5*i**2. What is l(2)?
-15
Let o(j) = -4*j - 5. Let d(w) = 2*w**2 + 24*w + 30. Let c(k) = -2*k**2 - 23*k - 28. Let h(f) = 4*c(f) + 3*d(f). Let n be h(-9). Determine o(n).
11
Let l(f) = f**3 + f**2 + f - 1. Let h(n) = 3*n**3 - 3*n**2 + 4*n - 2. Let z(r) = h(r) - l(r). Let t(q) = 36*q - 2266. Let d be t(63). Determine z(d).
5
Let h(f) be the second derivative of f**4/12 + 7*f**3/2 + f**2/2 - 2498*f. Calculate h(-13).
-103
Let f(x) = -3*x + 8. Let b(h) = 23*h - 386. Let q be b(17). Calculate f(q).
-7
Let j(d) be the third derivative of -1/24*d**4 + 0*d**5 + 7/120*d**6 + d + 0*d**3 - 2*d**2 + 0. Calculate j(-1).
-6
Let h(m) be the first derivative of -m**3/3 + m**2/2 + 82*m + 9863. Determine h(10).
-8
Let y(n) = 5*n**3 - 6*n**2 + 62. Let z(x) = 4*x**3 - 6*x**2 - 2*x + 56. Let d(a) = 3*y(a) - 4*z(a). Calculate d(6).
10
Let g(h) = -25*h**2 + 7*h - 6. Let z(u) = -19*u**2 + 8*u - 8. Let a(f) = -3*g(f) + 4*z(f). Calculate a(12).
-26
Let x(y) be the first derivative of y**4/4 - 7*y**3/3 + 2*y**2 - 18*y - 1208. Calculate x(7).
10
Let g(l) be the second derivative of l**5/10 + l**4/4 + l**3/2 + 3*l**2/2 + 3561*l. Determine g(-3).
-33
Suppose -2*j + 12*d - 10*d + 8 = 0, j - 5*d = 12. Let q(n) = -33*n + 3. What is q(j)?
-63
Let r = -349 + 351. Let t(o) = -2*o**r + 14 - 39 + 2*o + 23 - o. Give t(-2).
-12
Let y = 108 - 106. Suppose -4*i - 20 = -37*g + 40*g, y*g + 5*i + 18 = 0. Let c(j) = -j**2 - 4*j - 4. Calculate c(g).
-4
Let v(t) be the third derivative of t**5/60 + t**4/3 + t**3 - 2*t**2 - 114*t. Suppose -8*y = -11*y - 18. Determine v(y).
-6
Let d be 10/(-14)*(-56)/20. Let l(o) = -2*o**2 - 2 - 4 + o**3 + o + 4. What is l(d)?
0
Let t(o) = -4*o - 632539*o**3 - 21 + 632537*o**3 - 10*o**2 + 7. Determine t(-6).
82
Let q(x) = -3*x - 7. Let a(c) = -2*c**2 + 41*c + 17. Let r be a(21). Let m be (-106)/22 - r/(-22). Calculate q(m).
8
Let b be 1/2 - (-905)/(-10). Let o be (-14)/28*(0 + b). Let z = -49 + o. Let l(y) = -y**3 - 3*y**2 + 3*y + 4. Calculate l(z).
8
Let p be (-4)/(-3)*(-3852)/(-24). Let s(g) = g**2 + p*g - 219*g + 0*g**2 - 5. Determine s(5).
-5
Let x(c) = -99*c - 28. Let d(a) = 79*a + 29. Let v(s) = -5*d(s) - 4*x(s). What is v(24)?
-9
Suppose s - 391 = -2*m, 5*s - 111 = -2*m + 1812. Suppose r - s + 65 = 0. Let d(g) = 320*g + 1 + 4 - r*g - 1. Calculate d(4).
12
Let o(m) = 5*m**3 + 2*m**2 + 7*m + 2. Let s(y) = -y**3 - y**2 + 1. Let j(q) = -o(q) - 6*s(q). Calculate j(-5).
2
Let h(u) = 2*u**2 - 6*u + 3. Let i be h(4). Let b(v) = i + 7 - v + 2*v. Let q be -2*9/6 + -5. What is b(q)?
10
Let i(f) = -79 - f + 40 + 38. Let w(h) = 2*h + 2. Let d(o) = 11*i(o) + 4*w(o). Suppose -2*z + 8 = -2*k - z, -z = k + 4. Calculate d(k).
9
Let j = -2970 + 2952. Let v(h) = 2*h + 39. Determine v(j).
3
Suppose 0 = -8*k - 97 - 175. Let l = 59 + k. Let q(t) = 13 - l + 6*t + 11. Give q(1).
5
Let l = 163 + -159. Suppose 0 = -3*x - 2*u + 13, u = -5*x + l*u + 47. Let d(w) = -w**2 + 7*w + 1. What is d(x)?
1
Let a(r) = 3*r**2 - 4*r + 5. Let x = -810 - -813. Determine a(x).
20
Let g(m) = 3*m**2 + 6*m + 1. Let x(q) = -2*q**2 - 7*q. Let w be (-24)/5 - 3/15. Let s(j) = w*x(j) - 4*g(j). Calculate s(7).
-25
Let c be ((-90)/(-75))/(6/30). Let h(f) = f**2 - 2*f - 4. What is h(c)?
20
Let l(c) = -c**2 + 11*c - 16. Let z be (6/(-5))/1 - 9136/(-80). Suppose 0 = -11*s - 14 + z. Determine l(s).
2
Let b(u) = u**3 - 2*u**2 + u + 1. Let m(y) = -2*y**3 - 6*y**2 + 7*y + 12. Let o(w) = b(w) + m(w). What is o(-9)?
22
Suppose -20 + 16 = -4*u. Let z(y) = -4*y + 11. Let t(f) = f - 3. Let v(g) = u*z(g) + 5*t(g). What is v(8)?
4
Let o(g) = -g**3 + g**2 - g + 1. Let l(p) = 2*p**3 - 10*p**2 - 3*p + 5. Let k(y) = -l(y) - 3*o(y). Let f = -311 - -232. Let c = 73 + f. What is k(c)?
-8
Let z = -6407 - -6405. Let u(g) be the third derivative of -g**5/20 - g**4/12 + g**3/6 + 2*g**2. Give u(z).
-7
Let h be (-2 + -1)*(-790)/(-30). Let o = h + 78. Let b(m) = -2*m**3 + m**2 - m - 1. Determine b(o).
3
Let c(i) be the first derivative of 0*i + 1/3*i**3 + 7*i**2 - 1 + 1/12*i**5 + 5/24*i**4 - 1/120*i**6. Let d(h) be the second derivative of c(h). Determine d(6).
-4
Let q(b) = -b**2 - 7*b - 4. Suppose 0 = u - m - 1, 5*u - 20 = -5*m - 5. Suppose -521 = u*x - 513. Calculate q(x).
8
Suppose 10 = 5*c - 8*c - 4*k, 3*c - 4*k - 22 = 0. Suppose p = 8*p - 2*p. Let t(g) = p*g - 5*g - 2 + 2*g + g. Give t(c).
-6
Let i = 174 - 171. Let m(t) = -4*t - i*t + 4 - 3*t + 3*t. Give m(-3).
25
Let r(o) = o - 4. Suppose -12 = 158*x - 162*x. Suppose 6*i = -x*i + 54. Give r(i).
2
Let n(d) = -d**3 + 6*d**2 - 3*d - 6. Let f be n(3). Let c(m) = -15 + 4*m**2 + 0*m - 4*m**2 + 4*m**2 - 3*m**2 - 11*m. Determine c(f).
-3
Let y(j) = j**3 + 7*j**2 - 8. Let w(z) = -z**3 - 7*z**2 + 6. Let f be w(-7). Suppose -f*x - 183 = -147. Give y(x).
28
Let w(m) be the third derivative of m**8/20160 - m**6/720 + m**5/20 - 5*m**4/24 - 18*m**2. Let i(b) be the third derivative of w(b). What is i(-1)?
0
Let l(r) = -9*r - 83. Let w be l(-14). Suppose 0 = 5*y - g + w - 6, -3*y = -3*g + 15. Let j(h) = 2*h - 6. What is j(y)?
-22
Let l(z) be the first derivative of 3*z**2 - z - 43 - 1/3*z**3. What is l(4)?
7
Let s(t) = -t**3 + 11*t**2 + 2. Suppose -u - z = -2*u - 10, 3*u + 32 = z. Let w be (4 + (-8 - -4))/2 - u. What is s(w)?
2
Let f(i) = 8*i - 41*i + 27*i + 107. Let g be f(17). Let o(t) = -t**2 + 4*t + 6. Determine o(g).
1
Let h(z) = 39*z + 228. Let v be h(-6). Let i(w) = -7*w**2 + 2*w - 3. Let f(m) = 6*m**2 - m + 2. Let t(s) = -6*f(s) - 5*i(s). Give t(v).
-9
Let o(j) = -j**2 - 5*j - 1. Let v(r) = -3*r - 70*r**2 + 36*r**2 - 11*r + 36 + 35*r**2. Let y be v(4). What is o(y)?
3
Let w = -3458 - -3460. Let u(v) be the first derivative of -w*v**3 + 6*v + 4 - 1/4*v**4 - 3/2*v**2. Determine u(-5).
-4
Let a(i) = i**3 + i**2 + i - 18. Let n(k) = k + 13. Suppose -5*l - 72 = j - 15, 6 = -3*j. Let m be l/22*(27 + -1). Let y be n(m). What is a(y)?
-18
Let b(r) = r**3 + 8*r**2 + 10*r + 9. Let s be 202/(-5) - (-6)/(-10). Let n = s - -44. Suppose p + n*o = -18, -4*p + 8 = -2*o + 24. Calculate b(p).
21
Suppose 64*i = 66*i - 68. Suppose 11 = 15*c - i. Let a(r) = -6 + 2*r + 2 + r. What is a(c)?
5
Let g(y) = y - 9. Suppose -42*a + 36*a = 12. Let b be 1/(a/(-6 - 3 - 5)). Determine g(b).
-2
Let b(p) = p**3 + 12*p**2 + 11*p + 21. Let i(w) = w**3 - 13*w**2 - 57*w + 133. Let a be i(16). What is b(a)?
21
Suppose 2*n = -2, -3*z = -4*z + n - 53. Let d be (-30)/4*(-72)/z. Let a(s) = s**2 + 9*s - 11. Determine a(d).
-1
Let q(o) = -309*o**2 - 15 + 953*o**2 + 4*o**3 - 315*o**2 - 315*o**2 - 3*o**3 + 10*o. Determine q(-13).
24
Let u be (0 + 0)*-4*3/24. Let k(d) = -d**2 - 4*d + 6. Calculate k(u).
6
Let y = -7388 - -7380. Let d(f) = -13*f + 12. Calculate d(y).
116
Let b(c) = c**2 - 10*c - 198. Let a be 72/(-168)*-35 - -5. Give b(a).
2
Let n(z) = z + 8. Let k(d) = d**2 + 3*d - 7. Let r be k(-5). Let f = r - 1. Suppose f*h = -0*j + 2*j, j - 5*h = 0. Give n(j).
8
Let a(l) = -9 - 59*l - 167272*l**2 + 167281*l**2 - 2*l. Calculate a(7).
5
Let p(y) = -29*y + 36. Suppose 0 = 13*d + 58*d + 40*d - 444. Calculate p(d).
-80
Let p(f) = -582*f**2 + 12 + 279*f**2 + 295*f**2 + f**3. Determine p(5).
-63
Suppose 48*n = 28*n + 31*n + 165. Let u(o) = -o**3 - 14*o**2 + 18*o + 42. Calculate u(n).
-3
Let n(j) = -49*j**3 + 33*j**2 + 8*j - 26. Let s(k) = 11*k**3 - 8*k**2 - 2*k + 6. Let l(y) = -2*n(y) - 9*s(y). Determine l(6).
10
Suppose 5*h + 18 = 2*h. Let w be (25/(-50))/(1 - h/(-4)). Let u(s) = 97*s + 2*s**2 - 99*s + w + 0. What is u(2)?
5
Let s(z) = -23*z**2 - 40*z + 8. Let p(d) = 5*d**2 + 10*d - 2. Let h(b) = -9*p(b) - 2*s(b). Suppose 5*w - 25 = 10. Calculate h(w).
-19
Let r = -26 - 6. Let c = r + 27. Let j(o) be the first derivative of -o**2/2 - 7*o + 6. Give j(c).
-2
Let a(q) = -21*q + 14*q - 18*q + 13*q - 7 + 10*q. Suppose -45 = 7*s + 2*s. Give a(s).
3
Suppose 14*c - 16*c + 4 = -d, 4*c = 4*d. 